 2964 + 318 = 0. Is d prime?
True
Let l(j) = 10*j - 235*j + 109*j + 123 - 160*j - 440*j. Is l(-10) a composite number?
False
Suppose -8*m = -14476430 + 2736246. Is m a prime number?
False
Suppose -3*t - 5*g = -97627, 65084 = 2*t - 15*g + 18*g. Is t a composite number?
True
Suppose -2*q - 44 = -4*d, -2*d = -5*q - 27 - 11. Suppose -d*w + 1992 = -5*w. Suppose 4*j + 2*j = w. Is j a prime number?
True
Let y = -4814 - -18197. Suppose 2*j - 5*i - 6795 = y, 0 = -4*j - 5*i + 40296. Is j prime?
True
Let b be 1268/((-107)/(-15) - 7). Suppose 5*w = -3*p + 9502, -b = -5*w + 5*p - 0*p. Is w a prime number?
True
Suppose 0 = -74*y + 75*y - 22. Suppose -4*k - 145494 = -y*k. Is k composite?
True
Let f be ((-6)/9)/(4/(-30)). Suppose -3*h - 6855 + 52529 = f*j, j = h + 9130. Is j a prime number?
True
Let l be 6/(-3) - (-3 - 1). Suppose l*t = 79 + 35. Suppose d = 4*d - t. Is d composite?
False
Let u = 69 - 66. Suppose y = 2*r + 309, -u*y = 2*r + 174 - 1061. Is y a prime number?
False
Is (-56)/(-12)*64347 + (17 - 2 - 8) a prime number?
False
Suppose 0 = 5*a - 10, -n = -3*a + 81 + 1409. Let l = 7491 + n. Is l composite?
False
Suppose 0 = -17*v + 16*v + 3. Let q(d) = 385*d**3 - d**2 - 8*d + 7. Is q(v) a composite number?
False
Is (-94438)/(-24) - (658/168)/(-47) prime?
False
Let f = 356 + -353. Suppose -11068 = -3*w + d, -16273 = -5*w + f*d + 2167. Is w prime?
True
Let q(m) = m - 4. Let k be q(6). Let c(d) = 68*d**2 - 8*d + 26. Let p be c(4). Suppose 0 = -0*h - k*h + p. Is h prime?
True
Suppose 0 = 624*p - 909*p + 173768205. Is p prime?
False
Let h(x) = x**2 - 17*x + 96. Let w be h(27). Let j = w - -3157. Is j prime?
False
Let u be (7 - 8) + (1 - 0 - -2). Let k(y) = 2*y**2 - y + 1. Let n be k(1). Suppose 0*p + 4*p + 426 = u*a, -5*a + n*p = -1105. Is a a composite number?
False
Let n(f) = 12*f + 52. Let y be n(-4). Suppose -p = -y*s - 359, p + 2*p - s = 1110. Is p a prime number?
False
Is (-7 - 171/(-19))/((-2)/(-789751)) a prime number?
False
Let v = -154 - -277. Suppose -v - 117 = -10*r. Suppose 3246 = -21*s + r*s. Is s prime?
False
Let f = 18735 + 21154. Is f a composite number?
True
Suppose -550*v = -493*v - 13849347. Is v a composite number?
False
Suppose 22*j + 690794 = 8107456. Is j prime?
True
Let c = -41 - -329. Is (-216)/c*4*36734/(-6) composite?
False
Suppose -4*x - 41 = -5*b + 30, -57 = 3*x - 5*b. Let f(u) = 232*u - 22. Let m be f(x). Let w = -2333 - m. Is w a composite number?
False
Let d(k) = 239*k + 79. Let v be d(31). Let h = -2599 + v. Is h prime?
True
Let q = -66559 + 120306. Is q composite?
True
Let m = 311 + -283. Suppose 6*c + m*c = 55182. Is c composite?
True
Is ((-428)/(-18))/(1004/3248442) composite?
True
Let m(r) = -49*r - 9. Let s be m(-6). Let p be 5376/(-34) + 4/34. Let c = s + p. Is c prime?
True
Let s = -4849 - -7844. Let h = s + -1520. Suppose 4*j - h = -263. Is j prime?
False
Let g(p) = p**2 - 1. Let r(x) = x**3 - 11*x**2 - 14*x - 20. Let q(j) = -4*g(j) + r(j). Let v be q(17). Suppose 7*b = v + 9035. Is b a prime number?
False
Let y be -2 + (2 - -124*1). Let i be (159/9)/(70/1050). Let w = y + i. Is w a prime number?
True
Let z = -768 + 1426. Suppose -g + 0*g - k + 130 = 0, 3*k = -5*g + z. Let h = -79 + g. Is h a composite number?
True
Suppose -x = 2*l + 3*l - 6889, -4*l + 5507 = 5*x. Suppose 4*k - l = i, 4*k = k. Let w = i - -2061. Is w composite?
False
Let z = -15282 - -25312. Let h = z - 5829. Is h composite?
False
Let n be 5 + -10 + 8 + 3 + -2. Suppose 5*l + 5050 = 7*l - n*k, 5005 = 2*l + 5*k. Is l composite?
True
Let q be 3104 + (-2)/(((-32)/(-6))/8). Let n = q - 1278. Is n composite?
False
Let l(n) = 8 + 54*n**2 + 4*n - 15*n - 5 - 5 - 9. Suppose -3*c + 5*g = -23, 2*g - 1 = -c + 3. Is l(c) composite?
False
Let x = -48452 + 103683. Is x a composite number?
True
Let f = 772 + -1415. Let d = 94 - f. Is d composite?
True
Is 5*(15 - 676286/(-95)) a prime number?
False
Suppose 0 = 13*n - 2208889 - 3694242. Is n a composite number?
True
Is 6483834/135 + -12 - (-6)/10 a prime number?
True
Let z = -371 - -374. Suppose 3*r = t + 34992, -10*r + 12*r + z*t = 23339. Is r a prime number?
False
Let b(v) = -v**2 - 24*v - 2. Let q be b(18). Let o = q - -2931. Is o a composite number?
True
Let b be -4 + (4 - -311 - 1). Let k = b + -196. Suppose -5*n + 175 = -n + x, 0 = 3*n - 5*x - k. Is n composite?
False
Suppose 2599878 = 51*o - 20595585. Is o prime?
False
Suppose 23285 = 4*v + 2*j - 3855, v = -2*j + 6785. Let i = -2400 + v. Is i a composite number?
True
Let i(n) = 2*n**3 + n**2 + 1. Let f(v) = -308*v**3 - 4*v**2 - 3*v - 20. Let m(t) = -f(t) - 6*i(t). Let y(u) be the first derivative of m(u). Is y(1) prime?
True
Let l = -28 + 35. Suppose -5*z + 27 = l, -5*u + 4*z = 16. Suppose u = -13*m + 8*m + 175. Is m a prime number?
False
Let q = 138324 - 53515. Is q a composite number?
False
Let t = 81 + 146. Suppose -336 = -j + t. Is j a prime number?
True
Let b(s) = 6*s**3 + 6*s**2 + 12*s - 31. Let l be b(6). Let o = 5673 - 1164. Suppose 4*x + l = o. Is x a composite number?
False
Suppose -32374 = -3*p - 0*u - 2*u, 0 = -p + 2*u + 10794. Suppose 5*o = -3*o + p. Is o prime?
False
Suppose -93*f = -689465 - 971794. Is f a prime number?
True
Let i(a) = 6546*a**2 + 6*a + 3. Let u be i(2). Suppose -17*k + 17984 = -u. Is k a composite number?
True
Suppose 2*m - 138675 - 2560553 = -s, 3*m - 4*s - 4048853 = 0. Is m a composite number?
True
Let x = 541540 + -253249. Is x a prime number?
False
Let i(n) = -5*n**2 + 7 - 13*n**2 + 32*n**2 + 8*n. Is i(4) prime?
True
Let r(u) = 7*u - 41. Let s be r(7). Let f(m) be the first derivative of m**4/4 - 2*m**3/3 - 9*m**2/2 + 7*m + 2. Is f(s) a prime number?
False
Suppose 27*b - g - 1037434 = 22*b, -g + 622462 = 3*b. Is b composite?
True
Let a = 828488 - 506935. Is a composite?
False
Let s be 56/6*(-7095)/(-22). Let v = s + -1587. Is v composite?
False
Let i(v) be the third derivative of 7*v**4/24 + v**3/2 - 4*v**2. Let r be i(2). Is 11696/r + (-1 - 2) composite?
True
Is 8/6*(-43 - 1353079/(-52)) a composite number?
True
Let u(w) be the first derivative of -w**6/120 - w**5/12 - 5*w**4/12 - 7*w**3/6 - 10*w**2 + 16. Let s(i) be the second derivative of u(i). Is s(-9) composite?
True
Is -6 + 24/4 + -19 + 566432 composite?
False
Suppose -10*v - 5*v = -60. Suppose 3*s - 108489 = -4*w, 0 = -v*w - 2*s + 94156 + 14334. Is w composite?
True
Let q(o) = 5446*o + 79. Let i be -6*2/3*-1. Is q(i) composite?
False
Suppose -1850 = -5*y - 5*n, -5*y + 918 + 934 = 4*n. Let c = -578 - y. Let v = c - -1744. Is v a prime number?
False
Let v(m) = -239327*m + 6. Let u be v(3). Is 2/7 + (u/(-35))/5 prime?
False
Let h(x) = 2*x + 58. Let u be h(-16). Suppose -4*z - 3773 = -y, u*y = 24*y - z + 7519. Is y a prime number?
True
Let z be (4/(-7))/((-22)/5467). Let v be 2/3*(-18)/(-4). Suppose 0 = -5*p - 20, 0*s + 5*s = v*p + z. Is s composite?
True
Let f be (-1 - 0) + (-4)/(-1) - 3. Suppose 0 = -m - 2*c + 1055 - 211, 3*c + 12 = f. Suppose -67 = 5*r - m. Is r a composite number?
False
Suppose 272*f = 4*y + 276*f - 183032, 2*f = y - 45767. Is y a composite number?
True
Let h = 264 + -263. Is (h/(-2))/1 - (-12051)/18 composite?
True
Let p(t) = 9*t - 14. Let i be p(-6). Let f = 70 + i. Suppose -20 + 334 = f*b. Is b a composite number?
False
Let v(b) = -26*b + 15. Let n(g) = 7*g**3 + 2 - g**2 + 6*g**3 + 2*g + 6*g**3 - 16*g**3. Let r be n(-1). Is v(r) a composite number?
True
Let d(f) = f + 13. Let o be d(-20). Is (-5 + (-4438)/49)*o prime?
False
Let g(z) = -z**3 + 4*z**2 - 3*z + 2. Let b be g(3). Suppose -b*j - 564 = -2*p, p + j = -154 + 432. Suppose 101 + p = 3*n. Is n a composite number?
False
Let d = -13 + 9. Let q be 28/2 + (-2 - 0)*-2. Is ((-106)/3)/(d*3/q) a prime number?
True
Let h = 764 + -770. Is ((-25556)/(-8))/(4 + 21/h) a prime number?
True
Is -2 - (-16)/6 - (-62982758)/1368*12 prime?
True
Suppose -12*c = -2*t - 8*c - 18, -2*t = c + 3. Is 588 + (0 + 2 - (t + 6)) composite?
False
Suppose 0 = 6770*z - 6765*z - 3404905. Is z composite?
True
Let t = -77 - -79. Is (1 + -900)/(t/(-9 + 7)) a composite number?
True
Let l(y) = -2*y**3 + 48*y**2 + 13*y - 139. Is l(-32) a composite number?
True
Suppose -88*i + 1099267 = -215541. Is i composite?
True
Suppose 0 = m + 5 - 7. Suppose m*n + 4 = -0*q + q, -5*n - 16 = -4*q. Is 155 + (4 - (n - -2)) a composite number?
Fal